 Let r(k) = -k**2 - 21*k - 29. What is r(f)?
39
Suppose -23*k = -25*k - 10. Let g be 10/k + -4 + 3. Let f(a) be the third derivative of -a**4/24 - a**3/3 - a**2. Give f(g).
1
Suppose 0*m = 2*m - 4. Let y(k) = 915*k**3 + 943*k**3 + 1 - k - 5 + 902*k**3 - 2761*k**3 + 3*k**2. Give y(m).
-2
Let p(r) = -2 - r**2 + 8 - 4*r - 3*r. Let t(l) = 11*l. Let f be t(0). Suppose 0 = 4*x - 2*y + 18, 5*y + 11 + 14 = f. What is p(x)?
6
Let u(f) = 5*f + 14. Let r(o) = 9*o + 28. Let v(q) = -4*r(q) + 7*u(q). Let n = -965 - -1027. Suppose -5*p - 5 = -2*b, -64*b + n*b - 3*p - 3 = 0. What is v(b)?
-14
Let a(v) = 4*v**3 + 8*v**2 - 13*v - 9. Let q(d) = d**3 + 2*d**2 - 3*d - 2. Let b(o) = 2*a(o) - 9*q(o). Let c = -235 - -177. Let n = c - -55. Calculate b(n).
6
Suppose 61 = 8*k + 37. Suppose 0 = -8*g + k*g - 45. Let p(m) = m**2 + 9*m + 2. Determine p(g).
2
Let y be (-51)/(-12) - (27/12 - 1). Let p(d) = -3 + 619*d**3 + 1 - 1 + y*d**2 - 618*d**3 + d. Determine p(-3).
-6
Let w(g) be the third derivative of 0*g - 1/3*g**3 + 1/8*g**4 + 0 + 15*g**2. Let s be w(-2). Let b(u) = -u**3 - 8*u**2 - 4*u - 10. What is b(s)?
22
Suppose 14 = 3*o - 16*p + 21*p, -5*o + 2*p = 18. Let j(f) = 7*f**3 + f**2 - 2*f. What is j(o)?
-48
Suppose 5*f + 3 = -2*b + 22, 4*b + 3*f - 59 = 0. Suppose -25*g + 8*g = b. Let o(w) be the second derivative of -w**3/2 - 3*w. What is o(g)?
3
Suppose 0 = -49*l - 104 + 1721. Let o(j) be the third derivative of -1/60*j**5 + 5/6*j**3 - 1/4*j**4 + 0 + 0*j + l*j**2. Calculate o(-5).
10
Let i be (4 + -3 - 4)/((-9)/30). Let h(y) = 32 + i*y - 29 - 9 - y**2. Calculate h(9).
3
Let j(m) be the first derivative of 10*m + 1/2*m**2 + 69. Determine j(-7).
3
Let s(i) = -11*i. Let c(z) = -57*z + 14. Let h(k) = c(k) - 6*s(k). What is h(-3)?
-13
Let y be (-4)/10 + 2/5. Let o(t) be the first derivative of 1/3*t**3 + 48 + 1/4*t**4 - t + 0*t**2. Give o(y).
-1
Let g(y) be the second derivative of -y**4/12 - 3*y**3/2 - 7*y**2/2 - 5*y. Let z = 289 + -298. What is g(z)?
-7
Let n(s) be the first derivative of s**3/3 - 4*s**2 - 12*s - 2363. What is n(0)?
-12
Let f(t) = -t**2 + 6*t - 32*t + 7*t + 2 - 9*t - 8. Calculate f(-27).
21
Let b be (-3)/(-2)*20/6*1. Let x(f) = -2*f**2 + 8*f + 12. Let c be x(b). Let q(t) = -2 + 86*t + t**c + 92*t - 178*t. Calculate q(-3).
7
Let x(p) = -20*p - 44. Let o(q) = -3*q - 7. Let f(w) = 13*o(w) - 2*x(w). Suppose 18 = -0*z + 3*z. Determine f(z).
3
Suppose 7*r - 5 = 2*r. Let c be -6*(2 - (-20)/(-8)). Let g(w) = -8*w**2 - 3*w + 2. Let f(b) = -9*b**2 - 2*b + 1. Let v(u) = c*f(u) - 2*g(u). Calculate v(r).
-12
Let l(q) = -q - 4. Let k(t) be the first derivative of 11*t**2 + 85*t + 194. Let r be k(-4). Give l(r).
-1
Let f(q) = -5*q - 43 - 28*q**3 + 10*q**3 + 13*q**3 + 4*q**3 + 11*q**2. Determine f(10).
7
Let p(i) = -5*i**2 + 3*i - 1. Let j(o) = -o**3 + 11*o**2 + 10*o + 30. Let a be j(12). Suppose 32 = a*t + 10*t. What is p(t)?
-15
Let w(q) = -19*q**2 + 10*q + 12. Let o(p) = 63*p**2 - 31*p - 35. Let k(i) = -3*o(i) - 10*w(i). Let r be 38/4 + 3/(-6). Determine k(r).
3
Let w(g) be the first derivative of 3/2*g**2 + 0*g + 1/2*g**4 + 5/3*g**3 + 13. Let t(c) = c**3 + 5*c**2 + 4*c. Let q(x) = -3*t(x) + 2*w(x). What is q(6)?
0
Let o(i) = -i + 9. Suppose -16*w - 28 + 44 = 0. Let k(f) = f + 6. Let t be k(w). What is o(t)?
2
Let v(c) be the second derivative of 5*c**4/24 + c**3/2 - 95*c**2/2 - 170*c. Let u(w) be the first derivative of v(w). Determine u(-7).
-32
Suppose -6*f + 14*f - 40 = 0. Let y(r) = -3*r + f*r - 400 + 402. Calculate y(-5).
-8
Let i(h) be the third derivative of -7*h**4/12 + h**3 + 1131*h**2. Calculate i(-3).
48
Let k = 5636 + -5633. Let c(h) be the first derivative of 1/3*h**k + 15 + 7/2*h**2 - 7*h. Calculate c(-8).
1
Let v(w) = 9 - w - 4 - w**2 + 3. Let t = -60522 + 60515. Give v(t).
-34
Let j(l) = 4 - 12*l - 8 + 9 + 3. Determine j(-5).
68
Let m(i) = 10*i**2 - 372*i + 69. Let t be m(37). Let c(l) = -l**2 - 8*l - 36. Give c(t).
-21
Let w(j) = -j**2 - 8*j + 5. Let t be -2*(6 + -4) - -6. Suppose 3*g = -g + 2*d - 36, -t*g - 4*d = -2. Give w(g).
12
Let z(k) = -k**3 - 5*k**2 - 2*k + 4. Suppose 1254*p - 1235*p - 35 = -92. What is z(p)?
-8
Let v(l) = -l**2 - 9*l + 11. Let r = 11709 + -11719. Give v(r).
1
Let k(z) = 3*z**2 + z - 3. Let b = 8616 + -8611. Determine k(b).
77
Let w be 0 - -1*0/(-1)*1. Suppose w = 11*j - j - 60. Let o be 148/(-24) - (-1)/j. Let t(g) = g**2 + 7*g + 7. Give t(o).
1
Let n(a) = 17*a + 1. Let q(j) = -45*j - 3. Let p(x) = -4*n(x) - q(x). Determine p(-1).
22
Let l(p) be the second derivative of p**6/30 - p**5/20 + p**4/24 - p**3/3 - 5*p**2/2 + 21*p. Let q(a) be the first derivative of l(a). Give q(2).
20
Let s(k) = -k**3 - 4*k**2 + 5*k + 4. Suppose -9*d + 11*d - 8 = -3*u, 0 = -3*d - 3*u + 15. Let h = d + -11. What is s(h)?
-16
Let b(l) = l. Let m(c) = -2*c**2 + 15*c - 14. Let r(u) = -6*b(u) - m(u). Let x be r(10). Let q(k) = 4*k - k**2 - 4*k + 3*k + 3. Determine q(x).
-1
Let c(n) be the first derivative of 1/2*n**2 - 5*n + 98. Give c(5).
0
Let d(p) be the first derivative of p**4/12 + p**3/2 + p**2 + 116*p + 126. Let v(n) be the first derivative of d(n). Determine v(-1).
0
Let d = -29 + 32. Let h(z) = 2*z - 7 - d + 3. Let x(r) = -5*r + 21. Let j(f) = 8*h(f) + 3*x(f). Determine j(-5).
2
Let d(r) = -2*r**3 + 4*r**2 + 62*r - 59. Let i(x) = 10*x**2 + x. Let s(h) = d(h) + 6*i(h). Calculate s(33).
7
Let r(h) = 17*h + 242. Let u be r(-14). Let m(x) = -757 + 753 - 2*x**2 + u*x + 3*x**2. What is m(3)?
17
Let k be (-3)/(-6*3/24). Let z(i) = i**2 - 2 - k*i + 4*i**2 - 6*i**2 - 2*i. Suppose 0 = -7*m - 3*t + 5 - 18, -3*m - 4*t = -8. Calculate z(m).
6
Let f(b) = b**3 + 8*b**2 + 5*b - 10. Suppose 4*z - 2*q + 348 = -346, -4*q + 20 = 0. Let t = z - -164. What is f(t)?
4
Let p(l) = 9*l**2 + 5*l + 10. Let f(x) = -3*x**2 - 2. Let o(s) = -2*f(s) - p(s). Give o(-2).
-8
Suppose 0 = 3*f - 12, -23*q + 24*q - 2*f = -6. Suppose 0 = c + j - 4, -3*j + q = -2*j. Let r(v) = v**3 - v**2 - v - 1. What is r(c)?
1
Let g(q) = q - 3 + 0 + 1 + 5. Let o(z) = -14*z + 168. Let n be o(10). Suppose -n = -5*v + v. Determine g(v).
10
Let q(i) = -129*i + 1. Let n(u) = 113*u - 2. Let a(y) = 8*n(y) + 7*q(y). Calculate a(0).
-9
Let c(y) = -38 - 276*y**2 + 277*y**2 - 5 + 15*y + 16 + 1. Determine c(-14).
-40
Let u(z) = -2180*z + 1 + 8 + 2181*z. Calculate u(7).
16
Let j(p) be the third derivative of -1/60*p**5 - 13/24*p**4 + 0*p + 8*p**2 + 3 - 3/2*p**3. What is j(-9)?
27
Let a = -470 - -448. Let j(w) = -w**3 - 22*w**2 + w + 17. Give j(a).
-5
Let r(l) = l**3 + 25*l**2 - 2*l - 1. Suppose -275 = -2709*m + 2720*m. Calculate r(m).
49
Let f(r) be the third derivative of -r**5/30 + r**4/2 + 11*r**3/6 - 982*r**2. Give f(6).
11
Suppose -89*s - 63*s + 154*s = -14. Let i be 7 + 1*2/(-1). Let x(m) = i*m + 5*m + 10 + m**2 - 3*m. Determine x(s).
10
Let m(b) = 2*b**3 - 4*b**2 - b - 2. Let r(u) be the first derivative of -u**4/4 + u**3/3 + u**2/2 + 6. Let j(l) = m(l) + r(l). Determine j(3).
-2
Let p(s) = -3*s - s**3 - 2*s**3 - 3*s**2 + 4*s**3 + 3. Let m(o) = -2*o**2 - 27*o - 184. Let i be m(-20). Let d = i + 447. Determine p(d).
-6
Let g(t) = 32*t + 31. Let p(c) = -6*c - 4. Let x(l) = g(l) + 5*p(l). Calculate x(-12).
-13
Let i(f) = f**3 - 2*f**2 - f - 1. Let u(z) = -5*z**3 + 12*z**2 + 8*z + 2. Let h(r) = -4*i(r) - u(r). Let l(a) = 32*a + 131. Let k be l(-4). Calculate h(k).
-19
Let h(y) be the first derivative of y**5/40 + y**4/6 - 18*y**3 - 175. Let a(c) be the third derivative of h(c). Determine a(5).
19
Suppose 5*s - 2*b + 4105 = -0*s, -s + 5*b = 821. Let c = s - -822. Let n(j) = -14*j**2 + 2*j - 1. Determine n(c).
-13
Let a(j) = 56*j - 23 - 188*j + 59*j + 69*j. Determine a(-10).
17
Let u = 825 - 803. Let w(b) = b - 35. Give w(u).
-13
Let b(v) = -53*v - 20 - 31 + 5 - 2 + 40*v. Calculate b(-3).
-9
Let m(f) be the second derivative of f**7/840 - f**6/360 + f**4/12 + 11*f**3/3 + f**2/2 + 3*f + 1. Let k(h) be the second derivative of m(h). Give k(0).
2
Let l be (-23)/2 + 171/114. Let b(g) = -g**3 - 12*g**2 - 22*g - 26. Calculate b(l).
-6
Let n(y) = -y**2 + y. Let v(j) = 3*j**2 - 7*j - 10. Let o(c) = 2*n(c) + v(c). Let g = -2864 + 2870. Determine o(g).
-4
Let n(c) = -13 - 85*c**2 + 174*c**2 + 13*c - 91*c**2. Give n(5).
2
Let f(p) = p**3 - 14*p**2 - 14*p - 8. Let k(s) = s**2 - 43*s - 279. Let l be k(-6). Determine